et c(p) = -85*p + 698. Give c(9).
-67
Let g(j) = 3950*j - 11849. Give g(3).
1
Let u(f) = -55*f - 21. Give u(5).
-296
Let t(q) = -2*q**2 + 33*q + 27. What is t(14)?
97
Let v(s) = -s**2 + 187*s - 4063. Determine v(25).
-13
Let a(m) = m**3 + 27*m**2 - 1301*m - 67. What is a(-52)?
-15
Let g(m) = 967*m + 5799. What is g(-6)?
-3
Let p(u) = -240*u - 10807. Determine p(-45).
-7
Let w(d) = 300*d + 3282. Give w(-11).
-18
Let l(t) = 13*t**2 - 1439*t + 1438. Determine l(1).
12
Let b(y) = y**2 + 2*y - 272. What is b(16)?
16
Let a(z) = 116*z + 2425. Give a(-20).
105
Let h(i) = -23*i - 687. Calculate h(-32).
49
Let p(u) = 207*u**2 + 4*u - 2. What is p(1)?
209
Let b(k) = k**3 + 17*k**2 + 10*k + 499. Give b(-18).
-5
Let o(k) = 5*k**2 + 109*k + 10. Determine o(-20).
-170
Let d(c) = 5*c + 94. Give d(7).
129
Let v(j) = 8*j**2 + 10*j - 22. Give v(-7).
300
Let q(r) = 3*r**3 - 2*r**2 - 58*r - 1. Calculate q(6).
227
Let h(p) = p**3 - 27*p**2 + 46*p + 112. Give h(25).
12
Let t(n) = -28*n**2 - 110*n + 580. Calculate t(3).
-2
Let w(m) = 170*m - 2204. Determine w(13).
6
Let l(a) = -126*a**2 + 1390*a - 45. Determine l(11).
-1
Let c(a) = a**3 - 3*a**2 - 8*a - 26. Give c(5).
-16
Let u(h) = -2*h**3 - 7*h**2 + 19*h + 43. Determine u(-5).
23
Let j(g) = 11*g**2 - 46*g - 444. Calculate j(9).
33
Let b(h) = -2*h**2 + 15*h + 78. Calculate b(12).
-30
Let h(m) = -m**2 - 133*m - 399. Calculate h(-3).
-9
Let u(b) = -4*b**2 + 107*b - 378. Calculate u(4).
-14
Let b(q) = 61*q**2 - 195*q - 579. Give b(-3).
555
Let v(l) = -4*l**2 - 10*l + 14. What is v(-5)?
-36
Let z(h) = -h**2 - 23*h - 34. Determine z(-21).
8
Let l(c) = -303*c - 609. Determine l(-2).
-3
Let q(c) = 2*c**3 + 49*c**2 + 82*c + 12. Calculate q(-23).
-287
Let l(m) = -181*m + 4873. Give l(27).
-14
Let n(g) = -3*g**3 + 27*g**2 + 58*g + 8. Determine n(-2).
24
Let r(w) = 2*w**3 + 4*w**2 + 1620*w - 1623. Calculate r(1).
3
Let q(i) = i**2 + 8*i + 21. What is q(-2)?
9
Let i(p) = -p**3 - 16*p**2 - 17*p + 45. Calculate i(-15).
75
Let w(t) = -t**2 + 58*t - 782. Give w(23).
23
Let s(a) = -a**3 + 2*a - 736. What is s(0)?
-736
Let l(j) = -3*j**3 + 16*j**2 + 7*j + 27. What is l(6)?
-3
Let w(t) = -86*t + 1980. Give w(23).
2
Let m(c) = -353*c + 3655. Calculate m(10).
125
Let k(t) = -148*t + 12668. Calculate k(86).
-60
Let p(d) = 38*d + 73. Determine p(-5).
-117
Let w(i) = -25*i**2 - 111*i - 50. Determine w(-4).
-6
Let j(h) = -4*h**2 + 84*h - 352. What is j(7)?
40
Let l(g) = 4*g**2 + 416*g - 83. What is l(-104)?
-83
Let y(a) = 37*a**2 - 113*a - 21. What is y(4)?
119
Let k(a) = -a**3 + 115*a**2 - 131*a + 1946. Determine k(114).
8
Let r(d) = -5*d**3 - 310*d**2 - 306*d - 48. Determine r(-61).
13
Let q(k) = -38*k + 1. Determine q(7).
-265
Let r(x) = 195*x + 1564. Determine r(-8).
4
Let b(m) = -3*m**3 + 14*m**2 - 5*m - 7. Determine b(4).
5
Let f(c) = 934*c + 940. Determine f(-1).
6
Let g(k) = -146*k + 907. Give g(6).
31
Let n(p) = -p**3 - 27*p**2 + 17*p - 1249. Give n(-29).
-60
Let f(c) = -c**3 - 9*c**2 - 6*c - 6. What is f(-6)?
-78
Let c(r) = -20*r**2 - 39*r + 23. Give c(2).
-135
Let g(z) = 2*z**2 + 61*z + 255. What is g(-24)?
-57
Let w(r) = 44*r**2 + 21*r + 22. Give w(-1).
45
Let y(r) = r**2 + 3*r + 2. What is y(3)?
20
Let p(k) = 17*k + 466. Calculate p(-27).
7
Let k(g) = -3*g - 18. What is k(-17)?
33
Let f(v) = -v**3 + 52*v**2 + 409*v - 18. Calculate f(-7).
10
Let i(x) = -2*x**2 - 69*x - 572. Determine i(-14).
2
Let x(m) = m**3 + 14*m**2 - 173*m - 2397. Give x(-13).
21
Let c(x) = x**2 + 38*x - 716. Calculate c(16).
148
Let h(f) = 682*f - 6829. Give h(10).
-9
Let l(f) = f**3 + 19*f**2 + 89*f + 23. Give l(-8).
15
Let p(o) = -2*o**2 + 357*o + 3779. Determine p(-10).
9
Let z(s) = -3174*s - 12728. Calculate z(-4).
-32
Let o(j) = 2*j**2 - 57*j + 202. Give o(28).
174
Let w(r) = -r**2 + 12*r + 96. What is w(18)?
-12
Let c(h) = 3*h**2 - 233*h - 462. Calculate c(79).
-146
Let s(i) = 111*i - 2142. Calculate s(19).
-33
Let i(a) = -a**3 + 9*a**2 - 2*a + 95. Determine i(7).
179
Let q(d) = -2408*d + 4641. Calculate q(2).
-175
Let o(w) = 618*w - 4514. Calculate o(7).
-188
Let m(d) = d**3 - 43*d**2 - 1091*d + 147. Calculate m(-18).
21
Let b(p) = -2*p**3 + 10*p**2 - 9*p + 18. Determine b(3).
27
Let i(j) = 91*j + 14454. Determine i(-159).
-15
Let s(c) = 77*c + 1969. Determine s(-26).
-33
Let m(u) = 12*u - 119. What is m(16)?
73
Let w(r) = 3*r**3 + 35*r**2 + 17*r - 31. Determine w(-11).
24
Let n(g) = -603*g - 4402. Calculate n(-7).
-181
Let i(l) = -262*l - 1216. Calculate i(-4).
-168
Let i(o) = -39*o + 681. Give i(19).
-60
Let u(v) = -9*v**2 + 25*v + 53. Calculate u(-2).
-33
Let y(u) = -3*u**2 + 62*u + 807. What is y(-9)?
6
Let y(x) = 4*x**3 + 244*x**2 + 6*x + 370. Calculate y(-61).
4
Let q(p) = -5*p**3 + 30*p**2 - 102*p + 610. Give q(6).
-2
Let b(s) = -223*s + 2785. What is b(13)?
-114
Let q(k) = 2*k**2 + 6*k - 1. Give q(-11).
175
Let o(d) = -5237*d + 5231. Calculate o(1).
-6
Let m(w) = -w**3 - 37*w**2 - 145*w - 1454. Calculate m(-34).
8
Let f(n) = 36*n**2 - 792*n - 23. What is f(22)?
-23
Let n(a) = 5*a**3 - 2*a**2 - 2*a + 5. What is n(2)?
33
Let i(v) = -v**3 - 2*v**2 + 19*v + 53. Calculate i(-6).
83
Let m(r) = -r**3 + 17*r**2 - 65*r - 13. Give m(6).
-7
Let s(c) = -4*c + 187. Calculate s(47).
-1
Let y(x) = -44*x + 45. Determine y(4).
-131
Let m(n) = -2*n**2 + 19*n - 59. Determine m(-7).
-290
Let z(d) = -2*d**3 - 16*d**2 - 3*d - 18. What is z(-5)?
-153
Let d(t) = -2*t**3 - 73*t**2 + 68*t + 1018. Calculate d(-37).
-129
Let a(y) = -y**3 - 30*y**2 - 25*y + 116. What is a(-29)?
0
Let v(s) = 23*s - 1034. Calculate v(45).
1
Let c(s) = -4*s**3 + 59*s**2 + 78*s + 29. What is c(16)?
-3
Let v(y) = 60*y - 170. What is v(-1)?
-230
Let n(c) = -16*c**3 - 467*c**2 - 76*c + 322. Give n(-29).
3
Let s(t) = -t**3 + 7*t**2 + 20*t + 5. Calculate s(12).
-475
Let y(z) = 2*z**2 - 77*z - 1053. Give y(49).
-24
Let j(h) = h**3 - 6*h**2 - 5*h + 44. What is j(4)?
-8
Let o(x) = 187*x + 3800. Give o(-22).
-314
Let f(n) = -8*n - 17. Calculate f(3).
-41
Let b(u) = -u**3 + 69*u**2 + 2019*u - 1542. Give b(91).
5
Let y(s) = -5*s**2 - 299*s + 87. Give y(-60).
27
Let n(h) = -80*h + 251. What is n(3)?
11
Let w(f) = f**2 - 30*f - 607. Give w(-13).
-48
Let m(a) = -7*a**2 + 259*a - 750. Calculate m(34).
-36
Let n(a) = -21*a**2 - 28*a + 91. What is n(-3)?
-14
Let q(m) = m**2 + 9*m - 595. Give q(-31).
87
Let i(u) = 1358*u + 4071. Give i(-3).
-3
Let x(q) = -5*q**2 + 65*q - 212. Determine x(8).
-12
Let d(j) = 44*j - 456. Calculate d(10).
-16
Let s(f) = f**3 - 42*f**2 - 143*f + 128. Calculate s(45).
-232
Let k(t) = -261*t + 1331. Determine k(5).
26
Let c(l) = l**3 + 4*l**2 - 19*l - 121. Give c(-6).
-79
Let g(p) = p**2 - p + 75. What is g(-10)?
185
Let q(n) = -n**2 - 11*n - 10. Give q(-12).
-22
Let g(a) = 22*a**3 + 130*a**2 + a + 16. Give g(-6).
-62
Let z(b) = 51*b**2 - 34*b + 49. Determine z(3).
406
Let p(z) = -z**2 + 19*z + 38. Determine p(15).
98
Let l(q) = q**3 + 65*q**2 - 133*q + 89. Determine l(-67).
22
Let f(q) = -92*q + 814. Determine f(8).
78
Let d(s) = 574*s + 1513. What is d(-3)?
-209
Let k(u) = -u**3 + 4*u**2 + 111*u - 336. What is k(3)?
6
Let n(y) = -38*y + 28. Determine n(8).
-276
Let j(w) = 10*w**3 - 62*w**2 + 20*w - 10. What is j(6)?
38
Let t(g) = g**2 - 15*g - 46. What is t(34)?
600
Let i(c) = 7*c + 131. Determine i(-16).
19
Let h(b) = -2090*b - 60619. What is h(-29)?
-9
Let t(r) = 8*r - 153. Give t(26).
55
Let g(x) = -x**3 + 15*x**2 - 53*x - 17. Calculate g(8).
7
Let j(y) = 831*y + 4321. Determine j(-5).
166
Let j(s) = 5*s**2 - 14*s - 50. What is j(6)?
46
Let v(m) = -m**2 - 62*m - 612. Determine v(-14).
60
Let v(y) = -y**3 - 22*y**2 - 53*y - 258. Calculate v(-20).
2
Let r(o) = 4255*o + 76590. Determine r(-18).
0
Let a(h) = -h**2 - 419*h - 6834. Give a(-17).
0
Let g(o) = 138*o + 1386. What is g(-10)?
6
Let p(w) = -4*w**2 + 3*w - 10. Give p(3).
-37
Let r(v) = 912*v + 12739. Give r(-14).
-29
Let r(c) = 254*c + 6098. Calculate r(-24).
2
Let r(c) = 17*c**3 - 11*c**2 + 3*c + 4. Determine r(2).
102
Let a(k) = -k**3 + 7*k**2 - 10*k + 26. What is a(6)?
2
Let n(u) = -11*u**3 + 11*u**2 + 81*u - 90. What is n(1)?
-9
Let f(g) = -g**3 + 31*g**2 + 27*g + 151. Give f(32).
-9
Let z(k) = -202*k - 206. Give z(-1).
-4
Let w(h) = -h**3 - 12*h**2 - 18*h - 27. Give w(-8).
-139
Let x(s) = -7*s**3 - 168*s**2 + 5. Wh